 -7024 - 6316 = -23*q. What is the hundreds digit of q?
5
Let i = 767 - 79. What is the units digit of i?
8
Let p be (-6)/4 - 9/(-6). Suppose p = -4*n + 99 + 105. What is the tens digit of n?
5
Let v(l) = -27*l**3 - 3*l + 3. Let p be v(-2). Let o = 378 - p. What is the units digit of o?
3
Let t be 2/4*(-2 - -2). What is the units digit of ((-2)/(-5) + t)/((-26)/(-6370))?
8
Suppose 1 = -3*g - 2. Let b be 11 + 1/(g/2). Let i = b - 6. What is the units digit of i?
3
Suppose -7507 - 8327 = -21*f. What is the units digit of f?
4
Let q(f) = f**3 - f**2 - f - 5. Let v be q(0). What is the tens digit of (-3)/(-5) + v/((-100)/1488)?
7
Suppose 4*t - 285 = t. Let u be -1 + (-3 - -1 - -55). Let l = t - u. What is the units digit of l?
3
Suppose -1 = -2*q + 1. Let a be -4*(q + (-9)/6). Suppose -13 = -a*r + r. What is the units digit of r?
3
Suppose 2*v - 4*u - 8 = 0, 5*u = -v - 14 - 10. Let f(b) = -b**3 + 5*b**2 + 3*b + 24. What is the hundreds digit of f(v)?
1
Suppose a = 5*z + 3096, -26*z + 15452 = 5*a - 23*z. What is the hundreds digit of a?
0
Let t be 4 + (41 - -2) - -2. Let m = 80 - t. What is the tens digit of m?
3
Let y be (-246 - 4)/(-1 + -1). Let j(g) = -8*g**3 + 2*g + g - 121*g**2 + y*g**2. What is the tens digit of j(-2)?
7
Suppose 2*x + 0 - 28 = 0. Suppose 3*c - 41 = -4*d, 2*c + 4*d = 8 + x. What is the units digit of c?
9
Suppose 4*p - 6 = 7*p. What is the units digit of p/6*(-1 - 5)?
2
Let j(c) = c**2 - 63*c + 231. What is the hundreds digit of j(69)?
6
Suppose -48*b + 647 = 23. What is the tens digit of b?
1
Suppose 9 = t + 2*k, -2*k - 28 = 3*t - 7*k. Let a = 27 - t. What is the tens digit of a?
2
Let s(m) = -7*m + 1. Let y be s(-4). Let a = -21 + y. Suppose -2*g - 2*r = -52 + a, 2*r - 4 = 0. What is the tens digit of g?
2
Suppose -4*n + 2*n = -2*r + 8, 2*n - 4*r + 12 = 0. Let c(j) = -22*j - 6. What is the units digit of c(n)?
8
Suppose -60*k - 8142 = -64*k - 2*o, -4*o = -2*k + 4046. What is the thousands digit of k?
2
Let q(h) = -h**3 + 10*h**2 + 13*h - 2. Let u(j) = -j**2 - 8*j - 15. Let b be u(-6). Let d(s) = -4*s - 1. Let y be d(b). What is the tens digit of q(y)?
2
Suppose -3*i + 5*a + 1 = 2, 4*i - 2*a + 6 = 0. What is the hundreds digit of i/(-2)*(-366)/((-18)/6)?
1
Suppose -11 = 4*j - 507. Let l = j - 83. What is the tens digit of l?
4
Let x = 143 - 136. Suppose -3*w + 6 = -0*w. Suppose r = -2*p + x, w*p - p + 14 = 3*r. What is the units digit of p?
1
Let d be (-4)/(-1) + (-7)/1. Let f(g) = -17*g + 4. What is the tens digit of f(d)?
5
Suppose -4*u = -3*l - 41 - 133, -118 = -3*u - 4*l. Suppose 0*x - 2*x = u. Let i = 7 - x. What is the tens digit of i?
2
What is the units digit of -7 + (-186)/(-2) + -6?
0
What is the tens digit of (7 - (3 - -2))*5595/6?
6
Let d(s) be the first derivative of 5*s**2/2 - 13*s + 5. What is the tens digit of d(9)?
3
Let i(b) = -b**3 - 10*b**2 + 39*b - 53. What is the tens digit of i(-17)?
0
Let q = 1622 + -624. What is the units digit of q?
8
Let o(f) be the second derivative of -11*f**3/6 + 2*f**2 - 3*f. Let n be o(-6). Suppose -z - n = -3*s, -6 = 2*s - 5*z - 57. What is the tens digit of s?
2
Suppose -5*g + l = -g + 597, 588 = -4*g + 4*l. What is the tens digit of (-9)/21 - g/7?
2
Suppose -3*y - 2 + 21 = c, 0 = 2*c - 2. What is the tens digit of ((-30)/20)/(y/(-320))?
8
Let s(w) = -5 - 4 + w**2 + 8. Let a be s(-1). Suppose m + 3*b + 4 = a, -5 = m - 5*b - 17. What is the units digit of m?
2
Suppose -5*c + 0*v - 2*v = -20, 0 = -c + 2*v + 4. Let l be 2 - (-1)/1*3. Suppose c*a - 3*a - l*q = 77, -16 = 4*q. What is the units digit of a?
7
Let r(p) = -p**2 - 5*p - 2. Let h be r(-3). Suppose -g + 106 = i - h*g, -215 = -2*i + 3*g. What is the tens digit of i?
0
Suppose -2*x + 565 = 5*b - 3*x, 0 = 4*b - 3*x - 463. Suppose -4*m = -6*m + b. What is the units digit of m?
6
Let q = 2028 - 1117. What is the units digit of q?
1
Suppose g - 23 = 215. What is the tens digit of g?
3
Let z = 588 + -128. What is the units digit of z?
0
Let w(t) be the third derivative of -t**5/12 - 13*t**4/24 - 17*t**3/6 + t**2. Let x be w(-10). What is the units digit of 6/(-14) + x/(-21)?
8
Let y be ((-24)/(-84))/((-2)/(-28))*-2. Let j(w) = w**3 + 15*w**2 + 27*w - 4. What is the tens digit of j(y)?
2
Let g = 116 - -35. Suppose -3*p + 2*y = -g, -4*p + 3*y = 4*y - 194. Let f = p - 24. What is the tens digit of f?
2
Let i be (9/6)/(-3)*2. What is the units digit of (-2 - 1/i) + 71?
0
Suppose 5*g = 2*g + 6, v = -5*g + 49. Suppose -4*t + 246 = 2*n, -3*t + 4*t - v = -5*n. Let z = t + -44. What is the units digit of z?
0
Let h(w) = -w**3 - 5*w**2 + w. Let g be h(-6). Let f be 3 + (-65)/30 - 3/(-18). What is the units digit of 0 + (g - (f - 3))?
2
Let b(i) = i. Suppose -5*q = 3*w - 28, 0 = 5*w + q + 5 - 15. Let s(v) = v**2 - 4*v + 6. Let o(j) = w*s(j) + 3*b(j). What is the units digit of o(0)?
6
Let o be (-1 + -4)*96/5. Let q = o - -185. What is the tens digit of q?
8
Let c(k) = k**3 - 10*k**2 - 4*k + 11. Let u be c(7). What is the tens digit of (-3)/(340/u - -2)?
4
Let u(b) = -18*b + 10. Let c(i) = 18*i - 10. Let v(h) = 6*c(h) + 5*u(h). Let t be v(10). Suppose 0 = 14*f - 9*f - t. What is the units digit of f?
4
Suppose n = 10*d - 15*d + 18, 4*d = 4*n. Suppose 5*q - 11 - 4 = 0. Suppose 0 = 5*o + h - n*h - 66, -q*o = 2*h - 30. What is the units digit of o?
2
What is the units digit of 0 + 989 - (-56)/8?
6
Suppose 0 = -3*u - 2*z - 0*z + 20, u - 5*z = -16. Suppose y + 11 = x - 175, 0 = x + u*y - 211. What is the units digit of x?
1
Let c be ((-2)/3)/((-2)/(-120)). Suppose 0 = 4*z + 20, z = -3*k - z + 221. Let w = c + k. What is the tens digit of w?
3
Let u = 94 - 86. Suppose -4*r - u*r = -3192. What is the tens digit of r?
6
Suppose -2375 - 585 = -2*j. What is the tens digit of j?
8
Suppose -3764 - 2842 = -4*z - 2*f, 0 = -4*z + 5*f + 6627. What is the units digit of z?
3
Suppose 2*p + 4*l = -72, -l + 2 + 1 = 0. What is the tens digit of (-410)/(-3) - 14/p?
3
Suppose 5*p - 2 - 3 = 0. Let r(c) be the first derivative of 35*c**3/3 - 3*c**2/2 + 2*c - 8. What is the tens digit of r(p)?
3
Let s = -1453 + 2925. What is the thousands digit of s?
1
Suppose 2*u + 0*d + 34 = 2*d, 3*u + 5*d + 83 = 0. Let k be (-15)/(-35) - 1230/u. Suppose -x - a = -40, -3*x + 3*a + 43 + k = 0. What is the units digit of x?
7
Let p = -492 + 936. What is the tens digit of p?
4
Let m(d) = d**3 - 12*d**2 - d + 28. Let b be m(14). What is the units digit of -1*(b/(-2) + (4 - 0))?
9
Let p = 18 - 22. What is the tens digit of -3*(86/(-6) - p)?
3
Suppose 3 = 5*l - 7. Let z(v) = -11*v - 1 + 12*v**l + 15 - v - v**3. What is the units digit of z(11)?
3
Let c(k) = -2*k**3 - 10*k**2 - k - 20. Let o be c(-9). Suppose 0 = -3*b - 4*p + 3*p + 641, -3*b + o = -p. What is the tens digit of b?
1
Suppose 3*u - 8 = 7*u. What is the units digit of (9*u/3)/(-2)?
3
Let x(v) = 2*v**3 + 9*v**2 + 16*v. Let g be x(-7). Let y be (30/(-7))/(17/g). Suppose -3*h = -8*h + y. What is the tens digit of h?
1
What is the units digit of -4 - (-193 + -6 + 7)?
8
What is the units digit of (-7374)/(-21) + -6 + 1/(-7)?
5
Suppose -20*h - 3*h + 32200 = 0. What is the thousands digit of h?
1
Let d(m) = -7*m**3 + 2*m**2 + 11*m + 9. What is the tens digit of d(-4)?
4
Suppose 0 = -2*g - 2*g + 8, 3*g - 6 = f. Suppose i - k = -f*k, 0 = -4*i + 5*k - 4. Suppose -i*z = 0, -2*h + z + 24 + 4 = 0. What is the units digit of h?
4
Let f be -4*(-1)/14 + (-528)/(-14). Let d = 219 - f. What is the tens digit of d?
8
Suppose -y = -2*z + 1, 5*y + 4 = -z + y. Suppose z = 3*r - 4 - 2, -3*k + 4*r = -271. What is the units digit of k?
3
Let p(i) = -i**2 + 22*i - 26. Suppose 11*s - 6*s = 380. Suppose 0*l + t = 3*l - 57, -4*l + 3*t = -s. What is the units digit of p(l)?
1
Let p = 45 + -43. Suppose 4*c - 12 = 0, 0*o = p*o - c - 85. What is the tens digit of o?
4
Suppose 2159 = 20*k - 5021. What is the tens digit of k?
5
Let c be -2*(1358/4)/(-7). Let j = c + -37. What is the tens digit of j?
6
Let z(d) be the second derivative of -d**4/12 + 5*d**3/6 - d**2 + 5*d. Let m be z(3). Suppose 5*j + 38 = 3*s - 99, m*s + 5*j = 136. What is the tens digit of s?
3
Let t = 57 - 31. Let z = t + 11. What is the tens digit of z?
3
Let m(u) = -408*u + 126. What is the units digit of m(-2)?
2
Let h be (-6)/8 - (-18109)/28. Let y = h - 461. What is the tens digit